culate the highest common divisor of 10 and 32960.
10
What is the greatest common factor of 280 and 31000?
40
What is the greatest common factor of 3808 and 25058?
34
What is the greatest common divisor of 112 and 38768?
16
What is the highest common divisor of 112869 and 18?
9
Calculate the greatest common divisor of 843 and 24.
3
Calculate the highest common divisor of 1636268 and 1016.
508
Calculate the highest common factor of 630 and 938.
14
What is the highest common factor of 82940 and 30?
10
What is the greatest common divisor of 24584 and 9128?
56
What is the highest common divisor of 69589 and 5512?
689
What is the highest common factor of 12 and 3651?
3
Calculate the greatest common factor of 5124 and 672.
84
What is the greatest common divisor of 223743 and 195?
39
Calculate the highest common divisor of 99 and 89199.
99
Calculate the greatest common factor of 524 and 8515.
131
What is the highest common factor of 570 and 5982150?
570
What is the greatest common divisor of 13 and 133900?
13
Calculate the greatest common divisor of 3 and 34620.
3
Calculate the highest common factor of 192554 and 344.
86
Calculate the highest common divisor of 440 and 330920.
40
Calculate the greatest common divisor of 3731283 and 846.
423
What is the highest common factor of 162715 and 21?
7
What is the highest common factor of 1762567 and 31?
31
Calculate the highest common factor of 2080 and 337610.
130
What is the greatest common divisor of 3952831 and 103?
103
What is the highest common divisor of 4671240 and 1340?
1340
What is the greatest common divisor of 141 and 3398523?
141
Calculate the highest common factor of 215140 and 21167.
347
What is the greatest common factor of 344 and 5117?
43
What is the highest common divisor of 23274 and 54?
54
What is the highest common factor of 21573 and 6486?
141
Calculate the highest common divisor of 32899 and 167.
167
What is the highest common factor of 2190 and 1260?
30
What is the highest common factor of 70 and 136115?
35
Calculate the greatest common factor of 11311925 and 331.
331
Calculate the greatest common factor of 24 and 34960.
8
Calculate the highest common factor of 139 and 2863261.
139
Calculate the greatest common factor of 1083 and 10887.
57
What is the highest common factor of 704 and 110144?
64
Calculate the greatest common divisor of 172590 and 15.
15
What is the highest common factor of 56 and 51877?
7
What is the highest common divisor of 170 and 90?
10
What is the greatest common divisor of 32656 and 1185664?
2512
What is the greatest common factor of 222772 and 83?
83
Calculate the highest common factor of 700 and 13795.
5
What is the greatest common factor of 28 and 7724?
4
Calculate the greatest common factor of 477 and 130857.
159
Calculate the greatest common divisor of 788 and 1231250.
394
What is the highest common factor of 184 and 4168?
8
What is the highest common factor of 11517 and 763263?
1047
What is the highest common divisor of 5202 and 8738?
34
What is the highest common divisor of 20 and 2138?
2
Calculate the highest common factor of 52675 and 155575.
1225
Calculate the highest common divisor of 3401 and 49583.
179
Calculate the greatest common divisor of 63 and 135457.
7
Calculate the greatest common divisor of 1737 and 45.
9
What is the greatest common factor of 1839 and 1837774?
613
Calculate the greatest common divisor of 55039 and 943.
23
What is the highest common factor of 157 and 195779?
157
Calculate the greatest common factor of 427 and 1505.
7
Calculate the highest common divisor of 258 and 3059622.
258
What is the highest common factor of 584803 and 1168?
73
What is the highest common divisor of 724 and 142809?
181
Calculate the highest common divisor of 27324 and 44298.
414
What is the greatest common divisor of 130 and 53810?
10
Calculate the greatest common divisor of 166197 and 3.
3
Calculate the greatest common factor of 50991 and 552.
69
Calculate the greatest common factor of 20 and 260088.
4
Calculate the greatest common divisor of 20 and 1613420.
20
Calculate the greatest common divisor of 12 and 122358.
6
What is the greatest common divisor of 3228 and 24?
12
Calculate the greatest common divisor of 16 and 15672.
8
What is the greatest common factor of 136803 and 155?
31
What is the highest common divisor of 37878 and 1770?
354
What is the highest common divisor of 88 and 3630?
22
Calculate the highest common factor of 48174 and 196602.
1302
Calculate the greatest common divisor of 374 and 30753.
17
Calculate the highest common divisor of 41 and 97211.
41
What is the greatest common factor of 565 and 53336?
113
Calculate the highest common divisor of 498476 and 33.
11
Calculate the greatest common factor of 65648 and 6512.
176
Calculate the greatest common divisor of 1123797 and 11983.
521
What is the greatest common divisor of 4096 and 4672?
64
What is the greatest common divisor of 2490873 and 1148?
287
What is the highest common factor of 85130 and 5?
5
Calculate the greatest common factor of 8569 and 653581.
779
Calculate the greatest common factor of 189366 and 1110.
222
What is the greatest common divisor of 57 and 1851303?
57
What is the greatest common divisor of 481 and 42913?
13
What is the highest common divisor of 5200 and 13390?
130
Calculate the highest common factor of 189 and 188082.
27
Calculate the highest common factor of 3480 and 83752.
232
Calculate the highest common divisor of 40670 and 392.
98
What is the greatest common factor of 63 and 64392?
3
What is the greatest common divisor of 640 and 780?
20
What is the highest common factor of 20 and 291690?
10
Calculate the greatest common factor of 914 and 2019026.
914
What is the highest common factor of 746 and 2611?
373
What is the highest common divisor of 279800 and 5400?
200
What is the greatest common divisor of 2464 and 13849?
11
What is the greatest common divisor of 12252 and 164?
4
Calculate the greatest common factor of 5474 and 7854.
238
Calculate the greatest common factor of 2136 and 3252.
12
What is the greatest common divisor of 119376 and 240?
48
What is the greatest common divisor of 31734 and 24?
6
What is the highest common factor of 1708 and 1159?
61
Calculate the highest common divisor of 312875 and 25.
25
Calculate the greatest common divisor of 27032 and 183992.
872
Calculate the highest common factor of 60 and 1296.
12
Calculate the greatest common divisor of 10183 and 136.
17
What is the highest common factor of 263252 and 484?
44
Calculate the highest common divisor of 196 and 116648.
28
Calculate the highest common divisor of 1799 and 1196078.
257
What is the greatest common factor of 28998 and 3078?
162
Calculate the highest common factor of 1260 and 66465.
315
Calculate the highest common divisor of 456040 and 21320.
520
Calculate the highest common factor of 92 and 94921.
23
Calculate the highest common factor of 1164 and 420.
12
What is the greatest common factor of 83434 and 26?
26
Calculate the highest common factor of 37159 and 6.
1
Calculate the greatest common divisor of 852 and 875572.
284
Calculate the greatest common factor of 642 and 1494.
6
Calculate the highest common divisor of 74172 and 42.
42
What is the highest common divisor of 16 and 4766?
2
What is the highest common divisor of 357925 and 10?
5
Calculate the greatest common factor of 364 and 222313.
91
Calculate the greatest common factor of 98462 and 39.
13
Calculate the greatest common divisor of 7185 and 345.
15
Calculate the highest common factor of 7656 and 94047.
87
Calculate the highest common factor of 259 and 3293.
37
Calculate the greatest common factor of 784 and 356524.
196
What is the highest common divisor of 85221 and 459?
153
Calculate the highest common divisor of 410 and 331895.
205
Calculate the highest common factor of 58688 and 16244.
524
What is the greatest common divisor of 440766 and 9?
9
What is the highest common factor of 103527 and 18?
9
What is the greatest common divisor of 49819 and 154?
77
Calculate the greatest common factor of 1290 and 69402.
258
What is the highest common factor of 39565 and 205?
205
Calculate the greatest common factor of 713765 and 35.
5
Calculate the greatest common factor of 108 and 44802.
18
Calculate the great